098795?
545
Calculate the greatest common factor of 209 and 116052.
19
Calculate the highest common factor of 308084 and 602.
14
Calculate the greatest common factor of 56 and 5696.
8
What is the greatest common divisor of 3860 and 250?
10
Calculate the greatest common factor of 331 and 6558103.
331
What is the greatest common divisor of 11 and 2570480?
11
What is the highest common divisor of 255 and 39678?
51
What is the highest common divisor of 210 and 1039635?
15
What is the highest common divisor of 56557 and 299?
23
Calculate the greatest common divisor of 17941 and 2002.
77
What is the greatest common divisor of 27 and 2862999?
27
Calculate the greatest common divisor of 549 and 2318.
61
Calculate the highest common factor of 2700 and 56748.
12
What is the highest common divisor of 28170 and 30?
30
Calculate the highest common factor of 19000 and 82080.
760
Calculate the highest common divisor of 19495 and 385.
35
What is the highest common divisor of 25282908 and 1431?
1431
What is the greatest common factor of 108 and 2900502?
54
What is the greatest common factor of 1131 and 2473497?
1131
Calculate the highest common divisor of 31764 and 12.
12
What is the highest common divisor of 52 and 44876?
52
What is the greatest common factor of 23120 and 26656?
272
What is the greatest common factor of 553 and 4819?
79
Calculate the highest common factor of 9306 and 1056.
66
Calculate the highest common factor of 558621 and 315.
63
Calculate the highest common factor of 1694 and 32753.
7
Calculate the highest common divisor of 1001 and 28721.
77
What is the highest common factor of 239203 and 502?
251
What is the greatest common factor of 4399 and 3127?
53
Calculate the greatest common factor of 1576118 and 1220.
122
Calculate the greatest common factor of 39 and 345176.
13
Calculate the highest common divisor of 88 and 15983.
11
Calculate the highest common divisor of 68140 and 1360.
20
What is the highest common factor of 13132 and 196?
196
Calculate the highest common factor of 1287 and 61248.
33
What is the greatest common factor of 1127 and 392?
49
Calculate the greatest common divisor of 820 and 4335955.
205
Calculate the highest common factor of 23478 and 1161.
129
What is the greatest common divisor of 2655 and 4125?
15
What is the greatest common factor of 438 and 11902650?
438
Calculate the greatest common divisor of 14192 and 512.
16
What is the highest common factor of 6463 and 3933?
23
Calculate the greatest common factor of 32172 and 168.
84
Calculate the greatest common divisor of 452767 and 497.
497
Calculate the greatest common divisor of 2024 and 24104.
184
Calculate the highest common divisor of 4225332 and 12.
12
Calculate the greatest common divisor of 36 and 556.
4
What is the greatest common divisor of 4272 and 120?
24
What is the greatest common factor of 9344 and 31828?
292
Calculate the greatest common divisor of 357150 and 750.
150
Calculate the greatest common divisor of 90101 and 33.
11
What is the highest common factor of 46895 and 996?
83
Calculate the greatest common factor of 1742 and 5896.
134
What is the highest common factor of 4836 and 1248?
156
What is the greatest common divisor of 12879 and 257103?
477
What is the greatest common divisor of 62 and 188387?
31
Calculate the highest common factor of 113388 and 4092.
132
What is the greatest common factor of 15979 and 741?
19
What is the highest common factor of 9284 and 6541?
211
What is the greatest common factor of 282 and 1286484?
282
Calculate the highest common divisor of 104 and 4951336.
104
Calculate the greatest common factor of 592 and 13352.
8
Calculate the greatest common divisor of 2040476 and 476.
68
What is the highest common factor of 8000 and 60?
20
What is the greatest common factor of 27570 and 210?
30
What is the greatest common divisor of 2457 and 65205?
189
What is the highest common factor of 17411 and 920?
23
Calculate the highest common factor of 36101 and 52.
13
Calculate the greatest common factor of 116066 and 262.
262
What is the highest common divisor of 9531 and 486?
27
What is the highest common divisor of 56191 and 415?
83
What is the greatest common factor of 1521 and 304707?
507
Calculate the highest common divisor of 569539 and 1313.
101
What is the greatest common factor of 1158658 and 38?
38
Calculate the highest common factor of 38616 and 408.
24
Calculate the highest common divisor of 353732 and 3056.
764
Calculate the greatest common factor of 42 and 1167558.
42
Calculate the greatest common factor of 20033 and 1196.
299
What is the highest common factor of 8741415 and 10?
5
What is the greatest common divisor of 27 and 8361?
9
What is the greatest common divisor of 1392422 and 2256?
94
What is the greatest common divisor of 6 and 233998?
2
Calculate the greatest common factor of 319688 and 22450.
898
What is the greatest common factor of 108304 and 42?
14
Calculate the highest common factor of 127 and 3360293.
127
What is the greatest common divisor of 16604 and 24313?
593
What is the greatest common factor of 414086 and 4522?
646
What is the highest common factor of 425 and 3175?
25
Calculate the greatest common divisor of 65286 and 49166.
806
Calculate the highest common divisor of 888 and 293114.
74
Calculate the highest common factor of 55919 and 11802.
281
Calculate the greatest common divisor of 17763 and 1581.
93
What is the greatest common divisor of 109075 and 25?
25
What is the greatest common divisor of 43 and 629563?
43
Calculate the highest common divisor of 77211 and 12420.
207
Calculate the highest common divisor of 3795 and 21885.
15
Calculate the highest common factor of 2278 and 61238.
134
Calculate the highest common factor of 2606279 and 13.
13
What is the highest common factor of 48 and 373320?
24
Calculate the greatest common factor of 7611 and 6063.
129
What is the highest common divisor of 37062 and 21402?
522
What is the greatest common factor of 281597 and 379?
379
Calculate the greatest common divisor of 46917 and 585.
117
What is the greatest common divisor of 797 and 1864980?
797
What is the highest common factor of 126 and 1572822?
18
What is the greatest common divisor of 1197381 and 174?
87
What is the greatest common divisor of 110845 and 2?
1
What is the greatest common divisor of 27494 and 2655?
59
Calculate the greatest common divisor of 45492 and 884.
68
What is the highest common divisor of 418 and 5522?
22
Calculate the highest common factor of 115227 and 819.
63
What is the highest common divisor of 63867 and 10470?
1047
Calculate the greatest common factor of 936 and 114712.
104
Calculate the greatest common factor of 1027 and 20777.
79
What is the greatest common divisor of 6108 and 10?
2
What is the highest common factor of 1109804 and 428?
428
Calculate the greatest common divisor of 34119 and 306.
153
What is the highest common divisor of 79515 and 57?
57
What is the greatest common divisor of 100 and 107560?
20
Calculate the greatest common divisor of 1564 and 13804.
68
Calculate the highest common divisor of 6 and 29814.
6
Calculate the greatest common divisor of 110 and 4048.
22
Calculate the greatest common divisor of 1000 and 1310.
10
What is the greatest common divisor of 550 and 26125?
275
Calculate the greatest common divisor of 779 and 9225.
41
What is the greatest common factor of 210 and 8358?
42
Calculate the highest common factor of 697 and 33728.
17
What is the greatest common divisor of 21228 and 15982?
122
What is the highest common factor of 55964 and 102?
34
Calculate the highest common divisor of 20 and 33980.
20
What is the highest common divisor of 2201 and 372?
31
Calculate the highest common factor of 78 and 1222.
26
What is the highest common factor of 4949 and 9506?
49
Calculate the greatest common factor of 1033161 and 387.
129
Calculate the highest common divisor of 3520 and 1360.
80
Calculate the greatest common factor of 46492 and 2596.
236
Calculate the greatest common factor of 26526 and 132.
6
What is the highest common divisor of 2600 and 92040?
520
Calculate the highest common divisor of 86696 and 24.
8
Calculate the greatest common factor of 80 and 23880.
40
What is the greatest common divisor of 87 and 6?
3
What is the highest com